greatest common divisor of 24 and 7704?
24
What is the highest common factor of 14 and 490?
14
What is the highest common divisor of 645 and 1720?
215
What is the highest common divisor of 84 and 300?
12
Calculate the highest common divisor of 1116 and 108.
36
What is the highest common factor of 122 and 27938?
122
Calculate the highest common factor of 3430 and 28.
14
Calculate the highest common factor of 39 and 327.
3
Calculate the greatest common divisor of 133 and 361.
19
Calculate the highest common factor of 189 and 1785.
21
Calculate the greatest common factor of 54 and 138.
6
Calculate the highest common divisor of 18 and 18.
18
Calculate the highest common divisor of 14 and 8386.
14
Calculate the highest common factor of 5 and 265.
5
Calculate the greatest common divisor of 32 and 38816.
32
Calculate the highest common divisor of 18845 and 10.
5
Calculate the greatest common divisor of 9 and 111.
3
What is the greatest common divisor of 174 and 36?
6
What is the highest common factor of 115 and 85?
5
What is the greatest common factor of 712 and 32?
8
Calculate the greatest common factor of 6912 and 63.
9
What is the highest common divisor of 4238 and 104?
26
Calculate the greatest common factor of 216 and 1062.
18
What is the greatest common factor of 3060 and 3740?
340
Calculate the greatest common factor of 123 and 41.
41
Calculate the highest common factor of 180 and 20.
20
What is the highest common factor of 304 and 112?
16
What is the greatest common divisor of 184 and 322?
46
What is the highest common factor of 207 and 261?
9
Calculate the greatest common divisor of 228 and 6.
6
What is the greatest common factor of 54 and 354?
6
What is the highest common factor of 3728 and 16?
16
What is the highest common factor of 513 and 304?
19
What is the greatest common divisor of 960 and 810?
30
Calculate the highest common factor of 5 and 210.
5
Calculate the greatest common divisor of 90 and 72.
18
Calculate the greatest common factor of 26469 and 102.
51
Calculate the highest common divisor of 70 and 2590.
70
Calculate the greatest common factor of 9 and 9216.
9
What is the greatest common divisor of 651 and 42?
21
Calculate the highest common divisor of 285 and 255.
15
Calculate the highest common factor of 2670 and 712.
178
Calculate the highest common factor of 21840 and 720.
240
Calculate the greatest common factor of 188 and 10622.
94
What is the highest common factor of 91 and 63?
7
What is the greatest common factor of 200 and 8?
8
What is the greatest common factor of 79 and 3713?
79
What is the greatest common factor of 3 and 201?
3
Calculate the highest common factor of 1392 and 2958.
174
What is the greatest common divisor of 201 and 17889?
201
What is the highest common factor of 2 and 706?
2
What is the greatest common divisor of 165 and 6075?
15
Calculate the greatest common factor of 9 and 6255.
9
Calculate the greatest common factor of 6 and 3858.
6
What is the highest common factor of 1292 and 1156?
68
Calculate the highest common factor of 660 and 528.
132
What is the highest common factor of 49 and 637?
49
What is the highest common divisor of 2100 and 12?
12
What is the greatest common factor of 646 and 152?
38
Calculate the highest common factor of 3 and 52.
1
Calculate the greatest common factor of 18 and 9.
9
Calculate the greatest common factor of 37 and 10471.
37
Calculate the highest common divisor of 14 and 98.
14
Calculate the greatest common factor of 84 and 4326.
42
Calculate the highest common factor of 510 and 1598.
34
What is the highest common factor of 5200 and 936?
104
Calculate the greatest common divisor of 59 and 1475.
59
Calculate the greatest common factor of 2939 and 1.
1
What is the greatest common factor of 118 and 59?
59
Calculate the highest common divisor of 132 and 88.
44
What is the highest common divisor of 1530 and 17?
17
What is the greatest common divisor of 3262 and 14?
14
Calculate the highest common factor of 9 and 2853.
9
Calculate the greatest common factor of 3509 and 242.
121
What is the greatest common divisor of 35 and 287?
7
Calculate the highest common divisor of 7952 and 213.
71
Calculate the highest common factor of 266 and 2014.
38
What is the greatest common divisor of 180 and 2620?
20
Calculate the greatest common divisor of 73 and 14381.
73
What is the highest common divisor of 3346 and 28?
14
Calculate the highest common factor of 32 and 80.
16
What is the highest common divisor of 8733 and 82?
41
What is the greatest common factor of 118 and 3953?
59
What is the greatest common divisor of 301 and 140?
7
Calculate the highest common divisor of 21 and 2037.
21
What is the greatest common divisor of 18 and 2907?
9
What is the highest common factor of 50 and 10?
10
Calculate the greatest common divisor of 4387 and 41.
41
Calculate the highest common divisor of 2278 and 68.
34
Calculate the greatest common divisor of 5 and 160.
5
Calculate the greatest common divisor of 846 and 188.
94
Calculate the highest common factor of 702 and 26.
26
Calculate the greatest common factor of 55 and 88.
11
Calculate the greatest common divisor of 29264 and 62.
62
Calculate the highest common factor of 81 and 1863.
81
Calculate the greatest common factor of 1656 and 16.
8
What is the greatest common divisor of 47346 and 312?
78
Calculate the greatest common factor of 300 and 1600.
100
Calculate the highest common divisor of 4141 and 303.
101
What is the greatest common factor of 11426 and 197?
197
Calculate the greatest common factor of 167 and 18871.
167
What is the greatest common factor of 320 and 500?
20
Calculate the highest common factor of 28 and 224.
28
Calculate the highest common factor of 27 and 27.
27
Calculate the greatest common factor of 26 and 247.
13
What is the greatest common divisor of 330 and 90?
30
What is the highest common divisor of 20892 and 36?
12
What is the highest common divisor of 1727 and 628?
157
Calculate the greatest common divisor of 1417 and 91.
13
Calculate the highest common factor of 3868 and 12.
4
Calculate the greatest common divisor of 10 and 16.
2
Calculate the greatest common divisor of 249 and 6.
3
Calculate the highest common divisor of 2856 and 42.
42
Calculate the highest common factor of 72 and 9.
9
What is the greatest common factor of 9 and 729?
9
Calculate the greatest common divisor of 26 and 806.
26
What is the greatest common divisor of 864 and 3618?
54
What is the greatest common divisor of 2147 and 817?
19
What is the highest common factor of 120 and 105?
15
What is the greatest common divisor of 84 and 357?
21
Calculate the highest common factor of 605 and 484.
121
Calculate the greatest common factor of 640 and 100.
20
What is the highest common divisor of 2263 and 62?
31
Calculate the highest common divisor of 45 and 825.
15
What is the greatest common divisor of 38 and 1805?
19
Calculate the highest common divisor of 374 and 136.
34
What is the highest common factor of 767 and 118?
59
Calculate the greatest common divisor of 68 and 52.
4
Calculate the highest common divisor of 18281 and 543.
181
Calculate the greatest common factor of 5 and 12695.
5
What is the greatest common divisor of 1280 and 340?
20
Calculate the highest common factor of 310 and 837.
31
Calculate the highest common factor of 276 and 228.
12
Calculate the highest common divisor of 52 and 702.
26
What is the greatest common factor of 68595 and 85?
85
What is the highest common factor of 93 and 372?
93
What is the highest common factor of 705 and 585?
15
Calculate the greatest common factor of 198 and 1342.
22
What is the greatest common factor of 5310 and 180?
90
Calculate the greatest common factor of 24 and 6.
6
Calculate the highest common divisor of 340 and 5.
5
What is the greatest common factor of 285 and 15?
15
What is the greatest common factor of 954 and 106?
106
What is the highest common factor of 608 and 144?
16
Calculate the highest common divisor of 33 and 440.
11
Calculate the highest common factor of 45 and 1935.
45
What is the highest common factor of 3939 and 13?
13
What is the greatest common divisor of 352 and 112?
16
What is the greatest common divisor of 183 and 2806?
61
Calculate the highest common factor of 6 and 162.
6
